 - 17. Let j be 3/s + 28/(-12). What is m(j)?
-3
Let y be 24/3*3/(-4). Let s(b) = -b**3 - 5*b**2 + 7*b + 9. Let n be s(y). Let j(p) = -8*p + 3 + 10*p + 4*p**2 - 2*p**3 - 6 + 0*p**2. Determine j(n).
-15
Let n(i) = -4*i - 2*i**3 + i**3 - 603*i**2 + 2 + 1207*i**2 - 601*i**2. Calculate n(3).
-10
Let u(d) = d + 8. Let q be u(-8). Suppose 181*y = 180*y + 4. Let m(r) = -5 + 11*r**3 + 0 - y*r**3 - r - 6*r**3. Calculate m(q).
-5
Let p(j) be the first derivative of -j**5/120 - 5*j**4/24 + j**3/3 + 97*j**2/2 + 83. Let g(w) be the third derivative of p(w). Give g(-11).
6
Let k(u) = -u**3 + 2*u**2 - 4*u + 3. Let s(j) = 321*j - 325. Let y be s(1). What is k(y)?
115
Let w(j) be the second derivative of -24*j + 3/2*j**3 - j**2 + 0. Calculate w(3).
25
Let x be 1*(-2)/(-3)*-3. Let g(s) = -3*s**2 + 6*s. Let k(o) = 2*o**2 + o - 2. Let b(l) = x*k(l) - g(l). Determine b(-6).
16
Suppose -24 + 134 = 22*c. Suppose -c*z = 13*k - 14*k + 13, -1 = -3*k - 4*z. Let x(l) = 2*l + 4. Give x(k).
10
Let l(c) = c + 15. Suppose -114*k = -116*k - 92. Let p = k - 18. Let g = -71 - p. Calculate l(g).
8
Suppose -2*d - 5*a - 3 = 0, 29 = -5*d + 3*a + 6. Let m(h) = -6*h**3 - 25*h**2 - 4*h - 7. Give m(d).
-7
Let v(t) = -2*t**3 - 8*t**2 - 5*t - 7. Let i(b) = 5*b**3 + 18*b**2 + 11*b + 17. Let z(l) = -3*i(l) - 7*v(l). What is z(4)?
-26
Suppose -77*o - 810 = 13*o. Let l(s) = -s**3 - 10*s**2 - 6*s + 14. Determine l(o).
-13
Let q(c) be the second derivative of -c**5/20 - c**4/6 + c**3 + c**2 - c - 1583. Calculate q(-4).
10
Let j(h) = h**3 - 12*h**2 - h + 12. Let t be (196/(-21))/(-1) + 48/18. Determine j(t).
0
Let z(p) = 2*p**2 + p**3 + 2*p**2 + 1 + 0*p**3. Let o(t) = -t**3 - 36*t**2 - 229*t - 143. Let w be o(-28). Give z(w).
10
Let s be -3 - 0 - (-25)/5. Let y(r) = -r**s - 9 + 13 + 6*r - 6. Determine y(3).
7
Let s(z) = 594*z + 13664. Let b be s(-23). Suppose -4*u + 2 = -10. Let p(j) = -4*j**2 + 7*j**2 + j - 2*j**u - 2*j. Give p(b).
-6
Suppose 3*j + 5*t = 43, -j - 3*t + 8*t = -21. Let z(s) be the second derivative of -s**4/12 + 8*s**3/3 - 7*s**2/2 - 179*s + 12. Give z(j).
-7
Let m be 21/35*-10*3/(-6). Let p(a) = 200*a + 8 + 209*a + m + a**2 - 399*a. Determine p(-9).
2
Suppose 5*g - 30 = 3*g. Let t(x) = g - 16 - 253*x**2 + 251*x**2. Determine t(1).
-3
Let p = 7 - 39. Let w = p - -24. Let j(y) = -y**2 - 10*y - 9. Let k be j(w). Let x(n) = -n**2 + 6*n + 7. Give x(k).
0
Let w(x) = -x**2 + 15*x + 146. Suppose 0 = -5*n + 10 + 15, 5*v - 135 = -5*n. Give w(v).
-8
Let y(z) = -z**3 + 3 - 3 + 446*z - z**2 - 892*z + 447*z. Let u be 0/((2 - 1) + 0). Suppose u*m - 3*x = m + 7, 5*m + 2*x + 9 = 0. Give y(m).
-1
Let w(z) = 18*z + 49. Let r(a) = -17*a - 51. Let o(c) = 5*r(c) + 4*w(c). What is o(-4)?
-7
Let l(b) = -b**2 - 7*b - 1. Let s(d) = d**3 - 27*d**2 + 26*d + 9. Let h be s(26). Suppose 0 = h*k - 28 + 73. What is l(k)?
9
Let y(x) = x**3 + 6*x**2 + 6*x + 3. Let h = 64 - 64. Suppose 34*g - 27*g + 28 = h. Determine y(g).
11
Let b(v) = 33*v + 541. Let a(t) = 22*t + 365. Let r(q) = -7*a(q) + 5*b(q). What is r(-13)?
7
Let r(i) be the second derivative of -2*i**3 + 265*i**2 - 33*i + 53. Give r(43).
14
Let f(a) = 7*a**3 + 36*a**2 - 39*a - 145. Let m(t) = 31*t**3 + 144*t**2 - 155*t - 580. Let x(z) = -9*f(z) + 2*m(z). Determine x(-37).
-3
Suppose 4*d = -d + 2*g + 190, 114 = 3*d - 4*g. Let b = 40 - d. Let r(w) = -12 + 3 - w**2 - 3*w - 6*w + b*w**2. Determine r(9).
-9
Let z(l) = l**3 + 9*l**2 + 17*l - 11. Let a(c) = c**2 + 73*c + 906. Let x be a(-16). Give z(x).
-5
Let a(b) = 41*b + 9 + 5*b - 40*b. Determine a(-2).
-3
Let a(r) be the second derivative of 0 - 1/2*r**3 + 64*r + 3/2*r**2. What is a(3)?
-6
Suppose -2*d + 20*d = 36. Let v(n) = -134*n**2 - 4*n + n**3 - 3*n + 4*n + 128*n**d + 4 - 5*n. Give v(7).
-3
Let t(g) = g**2 + 12*g + 7. Let y be (30/25)/((108/(-640))/9). Let o = y - -53. What is t(o)?
-4
Let o = -752 - -754. Let u be ((-140)/630)/(o/(-54)). Let m(b) be the first derivative of b**2/2 + 3*b - 1. What is m(u)?
9
Let l(k) be the second derivative of 11*k**3/6 - 475*k**2/2 - 5708*k. What is l(44)?
9
Let f(a) = -393*a + 768*a - 386*a + 73. Determine f(9).
-26
Let t = 2734 - 2738. Let n(d) = -d**2 - 3*d + 10. Determine n(t).
6
Let w = 8606 + -8621. Let z(a) = -a**3 - 15*a**2 - 2*a - 20. What is z(w)?
10
Let h(k) = -16 + 14 - 25 - 2 - k. Determine h(-27).
-2
Let x = -5058 - -5078. Let w(r) = -r**3 + 18*r**2 + 39*r - 7. Calculate w(x).
-27
Let u = 8 + -2. Suppose 4*d = 2*b - 12, 3*d - u*d = 6. Let y(i) = -i + 1. Let v(w) = 2*w + 4. Let m(r) = b*y(r) - v(r). Give m(-2).
6
Let n(h) = 5*h + 49. Suppose -44 = 4*r + 4*v, -11*r + 7*r + 2*v - 44 = 0. Determine n(r).
-6
Let y be (6*11/(-66))/(1/3). Let l(m) = -m**2 - 9*m - 24. Determine l(y).
-6
Let z(k) = -k**2 + 6. Let j(h) = -10*h - 17*h + 10*h + 30 + h**2. Let q be j(15). Give z(q).
6
Let q(g) = g**2 - 4*g - 1. Let p(a) = -9*a**2 - 4*a - 2. Let d(t) = p(t) + q(t). What is d(-3)?
-51
Let m(c) be the second derivative of -c**3/2 + 11*c**2 - 2*c + 93. Let f be m(7). Let j(i) = 3*i**2 - i + 1. What is j(f)?
3
Let p = -6145 - -6150. Let i(v) = 9*v - 39. Give i(p).
6
Let i(v) = 7*v**2 - 199*v + 171. Let r(n) = 12*n**2 - 322*n + 342. Let a(o) = -5*i(o) + 3*r(o). What is a(-8)?
3
Let a(z) = z**3 + 4*z**2 - z - 2. Let b be a(-4). Suppose -b*j + 25 = 5. Let u(f) = -5*f + 22 + 0*f**3 - 36 - f**3 - 6*f + 28 + 11*f**2. Determine u(j).
4
Let u = 13 + -15. Let x = 320 + -321. Let n(y) = -y. Let c(l) = 20*l. Let g(a) = x*c(a) - 15*n(a). Calculate g(u).
10
Let h(n) = n**3 - 5*n**2 - 7*n - 1. Suppose 27*f - 73 = 8. What is h(f)?
-40
Let z(y) be the first derivative of 11/12*y**4 - 13 - 3*y - 1/6*y**3 + 1/2*y**2. Let w(b) be the first derivative of z(b). Calculate w(1).
11
Let u(p) = 485*p**2 - 484*p**2 - 615*p - 17 + 615*p. Give u(5).
8
Let k(w) = 3*w**3 + 3*w**2 - 2*w + 5. Let r(f) = -4*f**3 - 3*f**2 + 2*f - 6. Let m = 86 + -88. Let s(x) = m*r(x) - 3*k(x). Determine s(-4).
5
Suppose -112683 + 112631 = 4*m. Let s(r) = -23*r - 301. Calculate s(m).
-2
Let k(p) be the third derivative of p**5/30 + p**4/8 + p**3 + p**2. Let i be (8/10)/((-24)/(-240)*-2). Calculate k(i).
26
Let p be 9955/13 + 144/624. Let n = p - 775. Let o(z) = z**2 + 9*z - 1. Give o(n).
-1
Let s(j) be the third derivative of 0 + 0*j - 1/12*j**4 + 35*j**2 - 1/6*j**3. Let f be -2*(3 + 9/(-6)). Calculate s(f).
5
Let w(v) = -38*v - 44*v + 1 - 39*v + 120*v. Suppose -8*k - 134 - 42 = 0. Let l be (-1)/3*(-22 - k). What is w(l)?
1
Suppose 152*q = 162*q. Let o(a) = -a - 1. Let y(m) = 5*m + 36. Let t(x) = -3*x - 18. Let r(i) = -5*t(i) - 2*y(i). Let g(c) = 6*o(c) + r(c). Give g(q).
12
Let u(o) = -2*o**2 - 20*o + 114. Let n be u(-14). Let f(c) = 3*c + n*c - 5*c - 55 + c + 66. Determine f(-3).
8
Let l(s) be the first derivative of s**2/2 + 23*s + 1. Suppose 550 - 533 = -2*v - 3*o, -5*v = -o + 51. Determine l(v).
13
Let u(n) be the second derivative of 3/2*n**2 - n**3 - 1/20*n**5 + 0 + 7/12*n**4 - 117*n. Give u(6).
3
Let g(m) = 3*m**2 + 41*m + 30. Let f be (-3)/(-2)*3/((-63)/(-98)). Let o(p) = 2*p**2 + 28*p + 20. Let x(a) = f*o(a) - 5*g(a). Determine x(-9).
-10
Let c be (-4995)/(-925) - (-9)/15. Suppose s + s = 10. Let m(v) = v**3 + 0*v**3 - 7 + 8*v - s*v**2 - 2*v**2. Give m(c).
5
Let b(x) = 3*x + 2. Let k be b(1). Let i(r) = 39 + 49 - 87 - 6*r. Give i(k).
-29
Let y(t) be the first derivative of t**3/3 + t**2 + 2*t - 414. Give y(0).
2
Let x(p) be the second derivative of 7*p**4/12 + 59*p**3/6 - p**2 - 8148*p. Determine x(-8).
-26
Let q(m) = 14*m**3 + 2*m**2 - 6*m + 26. Let t(f) = -4*f - 23. Let v be t(-10). Let k(j) = 5*j**3 + j**2 - 2*j + 9. Let b(d) = v*k(d) - 6*q(d). Give b(-4).
5
Let r(d) = d + 3. Let g be r(-2). Let i(n) be the first derivative of 21*n**2 + 3046. Determine i(g).
42
Suppose -5 = 3*x - x - s, 2 = -5*x - s. Let z(j) = 15*j**3 - j**2 - 2*j - 1. Calculate z(x).
-15
Let w(l) = -2*l**3 - 13*l**2 - 4*l - 17. Let s(z) = -z**3 - 7*z**2 - 4*z - 18. Let o(d) = 3*s(d) - 2*w(d). Determine o(-5).
0
Let j(f) = -6*f**3 + 14*f**2 - 102*f + 6. Let k(t) = 7*t**3 - 17*t**2 + 127*t - 7. Let d(y) = -5*j(y) - 4*k(y). What is d(1)?
0
Suppose 12*w - 17896 = 12524. Let q(s) = -w*s**2 - 13*s + 14 + 2534*s**2 - 5. Calculate q(-13).
9
Let o(f) = f**3 - 28*f**2 - f + 32. Let g be o(28). Let s(m) = 7*m**2 - 2*m + m**3 - 10 - 2*m**3 + g + 4